) = -5*m(s) + 6*w(s). Calculate f(0).
-6
Suppose 0 = -3*a + 2*a + 2. Let y(z) = 2*z - 1. Give y(a).
3
Let b(d) = -2*d + 1. Let m(f) = f - 1. Let o(c) = 7*c - 6. Let a(l) = 6*m(l) - o(l). Let r(g) = 5*a(g) - b(g). Calculate r(-1).
2
Let h(o) be the third derivative of -o**6/120 + o**5/20 - o**4/8 + o**3/2 + 12*o**2. Let v = -3 - -6. What is h(v)?
-6
Let s be 34/(-6) - (-2)/3. Let c(f) = f**2 - 2*f - 1. Let u(g) = -g. Let l(i) = s*u(i) + c(i). Calculate l(-4).
3
Let g(c) = c + 7. Let z(h) = 3*h**3 - h**2. Let j be z(1). Let l(r) = 1 - 1 - 3*r**j + 3*r. Let q be l(2). What is g(q)?
1
Let i(g) be the third derivative of g**9/60480 - g**8/4032 + g**7/1680 + g**6/180 - g**5/20 + 4*g**2. Let w(s) be the third derivative of i(s). What is w(4)?
0
Let n(x) be the third derivative of -x**4/24 - x**3/6 + 32*x**2. Give n(-6).
5
Let f be (-54)/(-48) - (-1 + 2). Let o(v) be the third derivative of 1/60*v**5 - f*v**4 + 0*v + 0 + 1/2*v**3 - 2*v**2. Determine o(2).
1
Let q(f) = -3*f - 7. Let u be (-21)/12*1*-4. Let i(o) = 2*o + 5. Let m(n) = u*i(n) + 5*q(n). Calculate m(-4).
4
Let l(u) be the first derivative of -u**2/2 - 3*u + 37. Let a = -19 + 13. What is l(a)?
3
Let m = -16 - -10. Let g(z) = z**2 + 7*z - 1. Determine g(m).
-7
Let x(w) = -2*w. Let p be x(1). Let k(h) = 3*h**3 + 3*h**2 - 2*h + 5. Let c(z) = z**3 + z**2 - z + 2. Let v(o) = -5*c(o) + 2*k(o). What is v(p)?
-6
Suppose 0 = 4*u - 6*u - 20. Let g(y) = 2*y + 15. Give g(u).
-5
Let w(t) be the third derivative of -t**4/8 - 5*t**3/6 - 5*t**2. Give w(-6).
13
Let p(i) = -i**3 + i**2 + 1. Let b = 1 + 8. Let c = -7 + b. Calculate p(c).
-3
Let v = 0 + 2. Suppose -t - 7 = -q + v*t, t + 7 = 5*q. Let y(p) = -5*p + 4. Let x(u) = u - 1. Let z(l) = q*y(l) + 4*x(l). Determine z(1).
-1
Suppose -14*q - 33 = 23. Let x(z) = z**2 + 5*z - 1. Give x(q).
-5
Suppose 2*p + 8 = 4*o, -2*o + 11 - 1 = -4*p. Let s(m) = 3*m - 5 + 0 + o + m. Give s(3).
8
Let p be (1 - -1)*(-33)/(-22). Let a(k) = -10*k - 2 + p*k + 13*k. Give a(2).
10
Let x be (11 + 1)/((-6)/(-4)) + -3. Let h(r) = 2*r + 4. Determine h(x).
14
Let n(o) = -2*o**2 - 12*o + 6. Let u be n(-6). Let q(r) be the third derivative of -1/120*r**u - 7/6*r**3 + 0 + r**2 + 0*r + 1/60*r**5 + 0*r**4. Determine q(0).
-7
Let q = 51 + -51. Let o(w) = w**3 + w + 17. Calculate o(q).
17
Suppose -k = 4*o + 2*k - 50, -4*k = o - 19. Let g(m) = -3*m + 16 - 3*m - o + m**2. What is g(5)?
0
Let x(r) = r**3 + 4*r**2 - 7*r - 5. Let o be (-99)/21 - 4/14. Calculate x(o).
5
Suppose 8*c - 32 = -0*c. Let j(h) = -h - 5. Let r(w) be the third derivative of w**4/24 + w**3 + w**2. Let m(b) = -6*j(b) - 5*r(b). Give m(c).
4
Let d(o) = -2*o - 1. Let g(s) = -3 - 5*s**2 + 5*s + 9*s**2 + 3*s**2 + s**3. Let j be g(-6). Suppose -2*n = 0, 5*n + 2 = -j*k - 10. Determine d(k).
7
Let t(r) = -r**2 - 3*r - 1. Suppose -k - 9 + 4 = 0. What is t(k)?
-11
Let t be -4*((-14)/(-4) + -4). Let n(i) be the first derivative of 6*i + 1/3*i**3 - 5/2*i**2 - t. Give n(5).
6
Let r(y) = 2*y**2 + 4*y + 3. Let h(a) = -a**3 + 8*a**2 - 8*a + 5. Let m be h(7). Determine r(m).
3
Suppose -2 - 2 = 4*o. Let q be (-6 + 8)/(o + 0). Let h(l) = l**3 + l + 1. Determine h(q).
-9
Let j(k) be the second derivative of -1/3*k**3 + 0 - 4*k + 2*k**2. Give j(5).
-6
Let x(s) = s - 4. Suppose 2*m + 5*r = -11 + 1, r - 11 = -3*m. Suppose 0*z + 15 = m*z. Determine x(z).
-1
Let h(v) = -v**2 + 8*v - 8 - 2*v**2 + v**3 + 13*v**2. Give h(-9).
1
Let l(m) = 2*m**3 - 3*m**2 - 8*m. Let d(t) = -t**3 - t**2 + t + 1. Let u(a) = 3*d(a) + l(a). Let w = -5 - -19. Let o be 3/(-9) + w/(-3). Give u(o).
3
Let n(o) = -o - 1. Let t(b) = -b - 1. Let p(j) = 5*n(j) - 4*t(j). Give p(7).
-8
Let k(o) = -o**2 + o + 2. Let g = -10 + 13. Suppose -2*p = a - 2*a - 10, g*a = -5*p + 14. Calculate k(p).
-10
Let y = -6 - -10. Let l(a) = y - 4*a + 0*a**2 + a**2 + 1 + 1. What is l(4)?
6
Suppose 6*a = 7*a - 2. Let h(n) = -3 + 5*n**a + 2*n + 2 + 9*n**3 - 8*n**3. What is h(-3)?
11
Let u(w) = -2*w**3 - w**2 - 9*w - 6. Let i(x) = 3*x**3 + 10*x + 7. Let f(l) = 3*i(l) + 4*u(l). Determine f(5).
-8
Let g(s) = s**3 + 5*s**2 - 4*s + 3. Let n(l) = -2*l**3 - 6*l**2 + 5*l - 3. Let w(t) = 3*g(t) + 2*n(t). Determine w(3).
-3
Suppose -24 = -p - 3*p. Let w(f) be the third derivative of -f**5/60 + 7*f**4/24 + f**3/6 + 11*f**2. Give w(p).
7
Let k = -21 - -28. Let m(a) = -a + 6. What is m(k)?
-1
Let o(n) = -n**2 + 4*n - 3. Let c(g) = g**2 + 12*g - 8. Let h be c(-13). Determine o(h).
-8
Let y(q) = -q + 11. Let b(v) = -v + 10. Let l(o) = 6*b(o) - 5*y(o). Calculate l(-7).
12
Let n(c) = 8*c + 1. Let v = -11 - -17. Let b(r) = -r**2 + 5*r + 7. Let i be b(v). What is n(i)?
9
Let t(j) be the third derivative of -j**6/120 + j**4/24 + 2*j**3/3 + 8*j**2. What is t(0)?
4
Let k(d) = 0*d - 4*d + 7*d**2 - 4 + 1 - d**3. What is k(6)?
9
Let c(o) = 148*o + 4 + 146*o - 293*o. Let d(q) = -4*q - 1. Suppose -3 = 5*u + 2. Let t be d(u). What is c(t)?
7
Suppose -q + 2*z + 3 = -6, 19 = 3*q - 2*z. Suppose 3*s - 1 = 4*f + 3, -q*s - 3 = 3*f. Let n(m) be the second derivative of m**3/6 - 3*m**2 + 2*m. Give n(s).
-6
Let d(r) = -20*r**3 + 38*r**2 - 23*r - 15. Let s(v) = 7*v**3 - 13*v**2 + 8*v + 5. Let c(k) = 6*d(k) + 17*s(k). Give c(7).
-19
Suppose -5*l - 19 = -0*k - 4*k, -10 = 2*l - 4*k. Let j(v) = v**3 + 2*v**2 - 2*v + 4. Calculate j(l).
1
Let u be -4 - (3 + (-12)/4). Let x(l) = l**3 + 5*l**2 + 3*l + 2. What is x(u)?
6
Suppose -4*z = 14 - 34. Let q(v) be the third derivative of v**6/120 - v**5/15 - v**4/6 - 7*v**3/6 + 5*v**2. Determine q(z).
-2
Let o(y) = y + 3. Let a be o(-4). Let v be 4 + (a - 1) + 0. Let m(f) = -v*f**2 - 6*f - 2 + 3*f**2 + 0*f**2. Calculate m(5).
-7
Let s(v) = -v**3 - 5*v**2 - 2*v + 1. Suppose -11 + 1 = 2*l. What is s(l)?
11
Let d(i) be the second derivative of -i**5/20 + 5*i**4/12 + i**3/3 - 3*i**2/2 - 9*i. Determine d(5).
7
Let v(h) be the second derivative of -h**4/12 + h**3/3 + 2*h**2 - 11*h - 1. Suppose a = -2*w + 3, 3*w = 5*w - 5*a - 21. Calculate v(w).
1
Let z(f) be the first derivative of 1/4*f**4 - f**3 - f + 3/2*f**2 - 3. Determine z(3).
8
Let p(q) be the first derivative of -3 - 1/2*q**2 - 1/3*q**3 + q. Determine p(1).
-1
Let n(i) be the first derivative of -i**4/4 + i**3 + 3*i**2 - 3*i - 2. Calculate n(4).
5
Let b be 8/(-5)*20/(-8). Let y(h) = -h + 3. What is y(b)?
-1
Suppose 3*f + 0 = 6. Let u(v) be the first derivative of 0*v + v**2 - v + 0 - 3 + 0*v**f. Give u(1).
1
Let h(q) = -q**3 - q**2 + 1. Let o(p) = -4*p**3 - p**2 - p + 1. Let d(w) = h(w) - o(w). Determine d(1).
4
Suppose 2*f + 5*x - 29 = 0, -2*x = -5*f - x + 5. Let c(l) = -2*l**3 + 4*l**2 - 4*l + 3. Let b be c(f). Let d(k) = -k**2 - 8*k - 5. Determine d(b).
10
Let q(v) = 3*v**2 - 2*v**2 - 4 + v + 2*v. What is q(-5)?
6
Let q(l) be the first derivative of l**3/3 + 7*l**2/2 - 5*l - 11. What is q(-8)?
3
Let c(s) = 3*s + 23. Let g be c(-7). Let l(r) be the third derivative of 0 + 1/60*r**5 + 0*r + g*r**2 - 7/6*r**3 + 1/8*r**4. Calculate l(-5).
3
Let h(k) = k**3 - k**2 - 3*k - 2. Suppose 4*u - 10 = -u. Suppose -r + u*j = -2, r + 1 = -2*j - 5. Determine h(r).
-8
Let m(z) = -z**2 - 5*z - 4. Let n(s) = -3*s**3 + s. Let k be n(-1). Suppose -v - k*v = -6. Suppose -b - v = u, -4*u + 5*b - 22 = -u. What is m(u)?
0
Let w(m) = m**2 - 3*m + 4. Suppose 0 = 3*p - 3 + 12. Let a = 11 + p. Suppose -2*i = 2 - a. Give w(i).
4
Let b = 11 - 6. Suppose -b = w - 3. Let d(r) = 4*r + 2. What is d(w)?
-6
Let m(z) be the third derivative of z**5/60 - z**4/6 + z**3/2 + 3*z**2. Suppose 0 = -3*b - 10 - 14. Let g = b + 11. Give m(g).
0
Let b(h) = h**2 - 8*h + 6. Let s(v) = 5*v**2 - 33*v + 25. Let g(t) = 9*b(t) - 2*s(t). Let l be 6*(0 + -1 + 0). What is g(l)?
4
Let v(r) = -r**2 - 8*r - 7. Let g = 77 - 85. Determine v(g).
-7
Let q(t) = 2*t + 4. Let m(u) = 2*u + 5. Let f(y) = 5*m(y) - 6*q(y). Let p be -1 - 4/(-1 - -2). Let v = -3 - p. Determine f(v).
-3
Let f(s) be the third derivative of s**5/40 + s**4/6 + s**3/2 + 3*s**2. Let p(j) be the first derivative of f(j). Suppose 0 = 4*r - 6 + 18. Give p(r).
-5
Let g(a) = 51*a. Let b(x) = 5*x. Let y(v) = -42*b(v) + 4*g(v). Suppose 4 = 3*o + 19, 2*c = -3*o - 17. Determine y(c).
6
Let q(v) = v**2 + 3*v**2 + 2*v**3 + 2*v**3 + 6 - 3*v**3 - v. Calculate q(-5).
-14
Let d(a) be the second derivative of 0 + a + a**2 + 0*a**3 - 1/24*a**4. Let n(u) be the fir